the remainder when 258 is divided by 29.
26
What is the remainder when 1063 is divided by 76?
75
What is the remainder when 638 is divided by 76?
30
What is the remainder when 846 is divided by 107?
97
Calculate the remainder when 828 is divided by 796.
32
What is the remainder when 1033 is divided by 205?
8
Calculate the remainder when 116 is divided by 3.
2
What is the remainder when 534 is divided by 29?
12
Calculate the remainder when 457 is divided by 46.
43
Calculate the remainder when 12 is divided by 9.
3
Calculate the remainder when 216 is divided by 21.
6
What is the remainder when 61 is divided by 13?
9
What is the remainder when 49 is divided by 41?
8
What is the remainder when 1129 is divided by 322?
163
What is the remainder when 655 is divided by 16?
15
Calculate the remainder when 170 is divided by 51.
17
Calculate the remainder when 109 is divided by 49.
11
What is the remainder when 309 is divided by 74?
13
What is the remainder when 794 is divided by 100?
94
Calculate the remainder when 511 is divided by 297.
214
Calculate the remainder when 1847 is divided by 32.
23
Calculate the remainder when 30811 is divided by 31.
28
What is the remainder when 298 is divided by 40?
18
Calculate the remainder when 122 is divided by 40.
2
Calculate the remainder when 1047 is divided by 50.
47
What is the remainder when 33 is divided by 5?
3
What is the remainder when 501 is divided by 72?
69
Calculate the remainder when 45 is divided by 32.
13
What is the remainder when 277 is divided by 35?
32
What is the remainder when 1573 is divided by 75?
73
Calculate the remainder when 138 is divided by 136.
2
What is the remainder when 191 is divided by 89?
13
What is the remainder when 430 is divided by 211?
8
What is the remainder when 378 is divided by 79?
62
What is the remainder when 3211 is divided by 267?
7
What is the remainder when 22 is divided by 21?
1
Calculate the remainder when 200 is divided by 94.
12
Calculate the remainder when 152 is divided by 40.
32
What is the remainder when 187 is divided by 49?
40
Calculate the remainder when 32 is divided by 17.
15
Calculate the remainder when 94 is divided by 14.
10
Calculate the remainder when 522 is divided by 13.
2
What is the remainder when 626 is divided by 12?
2
What is the remainder when 406 is divided by 201?
4
What is the remainder when 129 is divided by 36?
21
Calculate the remainder when 418 is divided by 42.
40
What is the remainder when 132 is divided by 15?
12
Calculate the remainder when 177 is divided by 90.
87
Calculate the remainder when 277 is divided by 4.
1
What is the remainder when 38 is divided by 11?
5
What is the remainder when 874 is divided by 256?
106
Calculate the remainder when 1995 is divided by 200.
195
What is the remainder when 214 is divided by 54?
52
Calculate the remainder when 842 is divided by 218.
188
Calculate the remainder when 158 is divided by 84.
74
Calculate the remainder when 654 is divided by 242.
170
What is the remainder when 4958 is divided by 1652?
2
What is the remainder when 815 is divided by 51?
50
What is the remainder when 1335 is divided by 67?
62
Calculate the remainder when 1006 is divided by 91.
5
Calculate the remainder when 5085 is divided by 29.
10
What is the remainder when 448 is divided by 45?
43
What is the remainder when 372 is divided by 54?
48
What is the remainder when 91 is divided by 72?
19
Calculate the remainder when 1741 is divided by 17.
7
Calculate the remainder when 1919 is divided by 12.
11
What is the remainder when 803 is divided by 68?
55
What is the remainder when 210 is divided by 117?
93
What is the remainder when 257 is divided by 63?
5
Calculate the remainder when 16 is divided by 9.
7
What is the remainder when 480 is divided by 129?
93
Calculate the remainder when 149 is divided by 39.
32
What is the remainder when 258 is divided by 121?
16
What is the remainder when 1037 is divided by 26?
23
What is the remainder when 17367 is divided by 193?
190
Calculate the remainder when 379 is divided by 36.
19
What is the remainder when 105 is divided by 42?
21
Calculate the remainder when 868 is divided by 145.
143
Calculate the remainder when 479 is divided by 15.
14
Calculate the remainder when 312 is divided by 53.
47
What is the remainder when 197 is divided by 35?
22
What is the remainder when 976 is divided by 962?
14
Calculate the remainder when 237 is divided by 6.
3
What is the remainder when 248 is divided by 6?
2
What is the remainder when 274 is divided by 46?
44
Calculate the remainder when 1145 is divided by 25.
20
What is the remainder when 1216 is divided by 23?
20
Calculate the remainder when 26 is divided by 6.
2
What is the remainder when 1113 is divided by 141?
126
What is the remainder when 122 is divided by 43?
36
What is the remainder when 1968 is divided by 955?
58
What is the remainder when 24940 is divided by 16?
12
Calculate the remainder when 1233 is divided by 51.
9
Calculate the remainder when 27606 is divided by 34.
32
Calculate the remainder when 4555 is divided by 49.
47
Calculate the remainder when 10215 is divided by 78.
75
What is the remainder when 116 is divided by 39?
38
Calculate the remainder when 601 is divided by 119.
6
Calculate the remainder when 416 is divided by 413.
3
What is the remainder when 206 is divided by 70?
66
Calculate the remainder when 11622 is divided by 151.
146
Calculate the remainder when 60 is divided by 16.
12
Calculate the remainder when 1375 is divided by 58.
41
Calculate the remainder when 674 is divided by 10.
4
Calculate the remainder when 55 is divided by 10.
5
What is the remainder when 650 is divided by 203?
41
Calculate the remainder when 207 is divided by 36.
27
What is the remainder when 51 is divided by 9?
6
What is the remainder when 1655 is divided by 34?
23
What is the remainder when 91 is divided by 31?
29
What is the remainder when 163 is divided by 38?
11
Calculate the remainder when 428 is divided by 64.
44
What is the remainder when 522 is divided by 12?
6
What is the remainder when 321 is divided by 20?
1
What is the remainder when 98 is divided by 10?
8
What is the remainder when 2251 is divided by 49?
46
Calculate the remainder when 390 is divided by 19.
10
Calculate the remainder when 41 is divided by 29.
12
Calculate the remainder when 66 is divided by 27.
12
Calculate the remainder when 294 is divided by 25.
19
Calculate the remainder when 1864 is divided by 466.
0
What is the remainder when 686 is divided by 16?
14
What is the remainder when 350 is divided by 34?
10
What is the remainder when 476 is divided by 63?
35
What is the remainder when 425 is divided by 10?
5
What is the remainder when 59 is divided by 4?
3
Calculate the remainder when 271 is divided by 56.
47
What is the remainder when 8279 is divided by 92?
91
Calculate the remainder when 830 is divided by 41.
10
Calculate the remainder when 584 is divided by 111.
29
Calculate the remainder when 93 is divided by 24.
21
What is the remainder when 283 is divided by 8?
3
What is the remainder when 162 is divided by 36?
18
Calculate the remainder when 282 is divided by 33.
18
Calculate the remainder when 99 is divided by 25.
24
What is the remainder when 76 is divided by 50?
26
What is the remainder when 214 is divided by 56?
46
Calculate the remainder when 63 is divided by 40.
23
What is the remainder when 144 is divided by 30?
24
Calculate the remainder when 129 is divided by 34.
27
What is the remainder when 3474 is divided by 25?
24
What is the remainder when 1205 is divided by 18?
17
Calculate the remainder when 2032 is divided by 19.
18
Calculate the remainder when 61 is divided by 13.
9
What is the remainder when 6244 is divided by 68?
56
What is the remainder when 3077 is divided by 3?
2
Calculate the remainder when 491 is divided by 218.
55
Calculate the remainder when 317 is divided by 101.
14
What is the remainder when 216 is divided by 31?
30
What is the remainder when 5439 is divided by 1813?
0
What is the remainder when 431 is divided by 185?
61
Calculate the remainder when 3356 is divided by 1114.
14
Calculate the remainder when 1164 is divided by 30.
24
Calculate the remainder when 76 is divided by 24.
4
What is the remainder when 1767 is di